{"id":144,"date":"2022-07-07T22:59:14","date_gmt":"2022-07-07T20:59:14","guid":{"rendered":"https:\/\/pills4games.fr\/?page_id=144"},"modified":"2022-07-07T23:04:05","modified_gmt":"2022-07-07T21:04:05","slug":"dlksjvbhdf","status":"publish","type":"page","link":"https:\/\/pills4games.fr\/","title":{"rendered":"Ensemble ;"},"content":{"rendered":"\n<p align=\"justify\">Nous sommes un groupe de passionn\u00e9s de m\u00e9dias, de jeux vid\u00e9os, de contenus&#8230; \nUne vocation, \u00e7a se d\u00e9veloppe et \u00e7a se transmet par des outils et des personnes.<\/p>\n\n\n\n<p class=\"has-text-align-center\"><strong>Apprendre &amp; Evoluer<\/strong><\/p>\n\n\n\n<p align=\"justify\">Notre objectif est de rassembler, de partager, \u00e0 la fois des contenus mais aussi du savoir faire et de l\u2019entraide, que \u00e7a soit pour la mise en place, la mise en avant ou m\u00eame le soutien utile \u00e0 chacun dans les domaines, aussi int\u00e9ressants que vari\u00e9s, du milieu des nouvelles technologies.<\/p>\n\n\n\n<p class=\"has-text-align-center\"><strong>Innovation &amp; Partage<\/strong><\/p>\n\n\n\n<p align=\"justify\">Plus qu&rsquo;un projet, c&rsquo;est un partage de passion et de fa\u00e7on de vivre. Les nouvelles technologies sont aujourd&rsquo;hui des outils indispensables \u00e0 la vie de chacun et ce, pour les d\u00e9cennies \u00e0 venir. Un potentiel \u00e9tendu \u00e0 explorer, exp\u00e9rimenter et d\u00e9velopper. C&rsquo;est notre objectif commun. Ma\u00eetriser ces outils, c&rsquo;est la certitude d&rsquo;avancer et d&rsquo;\u00e9voluer vers le progr\u00e8s.<\/p>\n","protected":false},"excerpt":{"rendered":"<p>Nous sommes un groupe de passionn\u00e9s de m\u00e9dias, de jeux vid\u00e9os, de contenus&#8230; Une vocation, \u00e7a se d\u00e9veloppe et \u00e7a se transmet par des outils et des personnes. Apprendre &amp; Evoluer Notre objectif est de rassembler, de partager, \u00e0 la fois des contenus mais aussi du savoir faire et de l\u2019entraide, que \u00e7a soit pour<a class=\"more-link\" href=\"https:\/\/pills4games.fr\/\">Lire la suite <span class=\"screen-reader-text\">\u00ab\u00a0Ensemble ;\u00a0\u00bb<\/span><\/a><\/p>\n","protected":false},"author":1,"featured_media":0,"parent":0,"menu_order":0,"comment_status":"closed","ping_status":"closed","template":"","meta":{"inline_featured_image":false,"footnotes":""},"class_list":["post-144","page","type-page","status-publish","hentry","entry"],"_links":{"self":[{"href":"https:\/\/pills4games.fr\/index.php?rest_route=\/wp\/v2\/pages\/144","targetHints":{"allow":["GET"]}}],"collection":[{"href":"https:\/\/pills4games.fr\/index.php?rest_route=\/wp\/v2\/pages"}],"about":[{"href":"https:\/\/pills4games.fr\/index.php?rest_route=\/wp\/v2\/types\/page"}],"author":[{"embeddable":true,"href":"https:\/\/pills4games.fr\/index.php?rest_route=\/wp\/v2\/users\/1"}],"replies":[{"embeddable":true,"href":"https:\/\/pills4games.fr\/index.php?rest_route=%2Fwp%2Fv2%2Fcomments&post=144"}],"version-history":[{"count":4,"href":"https:\/\/pills4games.fr\/index.php?rest_route=\/wp\/v2\/pages\/144\/revisions"}],"predecessor-version":[{"id":195,"href":"https:\/\/pills4games.fr\/index.php?rest_route=\/wp\/v2\/pages\/144\/revisions\/195"}],"wp:attachment":[{"href":"https:\/\/pills4games.fr\/index.php?rest_route=%2Fwp%2Fv2%2Fmedia&parent=144"}],"curies":[{"name":"wp","href":"https:\/\/api.w.org\/{rel}","templated":true}]}}